0100
In base 7, what is -1 + 11202?
11201
In base 10, what is 129 + 6?
135
In base 15, what is -4 - c?
-11
In base 6, what is 135 + 3?
142
In base 16, what is 4a - -15?
5f
In base 2, what is -1101011 + -11000?
-10000011
In base 4, what is -11 + 10230?
10213
In base 13, what is 73 - 3?
70
In base 5, what is 442 + 0?
442
In base 7, what is 3534 - 1?
3533
In base 4, what is 11 - 301012?
-301001
In base 15, what is a + -10?
-5
In base 5, what is 3 + 1303?
1311
In base 5, what is -10 - -2?
-3
In base 16, what is 1b1 - 1?
1b0
In base 10, what is 34 - -24?
58
In base 12, what is 50 - -2?
52
In base 11, what is -7 - 138?
-144
In base 8, what is -21 - 156?
-177
In base 6, what is 0 - 111?
-111
In base 5, what is -4 - -124?
120
In base 8, what is 4 + -10?
-4
In base 4, what is -3 - -1120?
1111
In base 9, what is 0 + 546?
546
In base 9, what is 33 - 16?
16
In base 4, what is -2303 - -31?
-2212
In base 10, what is -5477 - -1?
-5476
In base 5, what is 303342 - 0?
303342
In base 16, what is 2 + 9?
b
In base 8, what is 2 - 145?
-143
In base 9, what is 2 + -1303?
-1301
In base 10, what is 64 + -17?
47
In base 5, what is -10013 + -12?
-10030
In base 8, what is 4 - 263?
-257
In base 5, what is 31 + 4?
40
In base 3, what is 20212 + 12?
21001
In base 11, what is 22169 + -2?
22167
In base 5, what is 23141 + -2?
23134
In base 6, what is 1 + -214?
-213
In base 2, what is -1011 - 101111?
-111010
In base 16, what is 4 - 175b?
-1757
In base 2, what is 101 + -111100001?
-111011100
In base 15, what is -7 - 8?
-10
In base 10, what is -104 - -4?
-100
In base 11, what is -276 + 4?
-272
In base 12, what is 1b - 22?
-3
In base 5, what is 14 - 4314?
-4300
In base 8, what is 27 - 14?
13
In base 9, what is -70 - 32?
-112
In base 8, what is 6 - 12?
-4
In base 14, what is 5 - 2?
3
In base 16, what is -2 + -53d?
-53f
In base 9, what is -74081 - 0?
-74081
In base 10, what is 217 - -2?
219
In base 5, what is 11 - -304?
320
In base 4, what is 23030 + 3?
23033
In base 9, what is -4 + -814?
-818
In base 11, what is 102 - 1?
101
In base 9, what is 167 + -101?
66
In base 2, what is 0 - 1111111111101?
-1111111111101
In base 9, what is 2 - 2112?
-2110
In base 4, what is -200 - 2?
-202
In base 2, what is 101 + -11000110100?
-11000101111
In base 14, what is a0 - 5?
99
In base 3, what is 22 - -1101?
1200
In base 5, what is 0 + 40340?
40340
In base 7, what is -1314 - 4?
-1321
In base 12, what is 24b + 2?
251
In base 10, what is -40 - -6?
-34
In base 14, what is 25 + 0?
25
In base 3, what is -10 - 1121120?
-1121200
In base 12, what is 5 + 10b2?
10b7
In base 14, what is -11c - -8?
-114
In base 15, what is -2 - -3a0?
39d
In base 8, what is -12 + 10?
-2
In base 11, what is -377 + 13?
-364
In base 7, what is 1 + 5021?
5022
In base 2, what is 101 - 1000010000?
-1000001011
In base 3, what is 10 + 22?
102
In base 9, what is 4 - 2128?
-2124
In base 7, what is 0 + 1124?
1124
In base 12, what is -3 - -46?
43
In base 15, what is 25 + -4?
21
In base 10, what is 18 - 7?
11
In base 3, what is -102 - -1021?
212
In base 13, what is 19 - -330?
349
In base 7, what is -665 + 2?
-663
In base 12, what is 123 + 0?
123
In base 16, what is b - -55?
60
In base 7, what is 366 + 1?
400
In base 5, what is 20 + -22303?
-22233
In base 3, what is -2 - 2121002?
-2121011
In base 14, what is 0 + -541?
-541
In base 10, what is -3 - 103?
-106
In base 3, what is 12201 + -11?
12120
In base 2, what is -1010111 - 11001?
-1110000
In base 2, what is 100 + 111000?
111100
In base 3, what is 122 - 211?
-12
In base 12, what is -83 + 36?
-49
In base 13, what is -22 - -1?
-21
In base 15, what is 6 + -9?
-3
In base 14, what is -3 - -24?
21
In base 13, what is 0 - 362?
-362
In base 10, what is 3034 + 2?
3036
In base 9, what is -10356 - 1?
-10357
In base 5, what is 1302 + 4?
1311
In base 12, what is -1b5 + -2?
-1b7
In base 4, what is -10 + 3?
-1
In base 10, what is 9 - 61?
-52
In base 3, what is -2 - -1100?
1021
In base 9, what is 106 + 182?
288
In base 16, what is f5 - -5?
fa
In base 2, what is -1110 - -100011?
10101
In base 8, what is 762 + 0?
762
In base 12, what is -1724 + -1?
-1725
In base 10, what is 1 + 11?
12
In base 2, what is 110100 - -10?
110110
In base 10, what is 33270 - 3?
33267
In base 2, what is -11 + 10000?
1101
In base 11, what is 1a0 - 4?
197
In base 7, what is 5 - -202?
210
In base 5, what is -2 - 2234?
-2241
In base 3, what is -1 - -1122?
1121
In base 2, what is -1011100 + 101?
-1010111
In base 15, what is -48 + -5?
-4d
In base 16, what is 131 - -2?
133
In base 8, what is -2 + 11506?
11504
In base 10, what is 0 + 15?
15
In base 2, what is -11100 - -1010011?
110111
In base 12, what is 1 + -38?
-37
In base 16, what is -22e - -12?
-21c
In base 11, what is 2 + 275?
277
In base 4, what is 2312 - -3?
2321
In base 7, what is 2466 + -1?
2465
In base 10, what is 58 - 198?
-140
In base 3, what is 2211 - -10?
2221
In base 3, what is -12 - -21100110?
21100021
In base 7, what is -363 + 1?
-362
In base 11, what is -62a - -3?
-627
In base 11, what is 33 - -3?
36
In base 3, what is 10 + -1121122?
-1121112
In base 16, what is 6c - -2c?
98
In base 4, what is -10 + 2022100?
2022030
In base 16, what is -14d - -6?
-147
In base 11, what is -169 + -5?
-173
In base 16, what is 1d + -2e1?
-2c4
In base 2, what is 11010101 + -110111?
10011110
In base 7, what is -26 - -5?
-21
In base 6, what is -24 + -115?
-143
In base 10, what is 339 + 5?
344
In base 5, what is -3 - 32?
-40
In base 12, what is -41 + -54?
-95
In base 14, what is -29 - 4?
-2d
In base 15, what is dd - -18?
106
In base 4, what is 30 + 10?
100
In base 2, what is -1001 - 110?
-1111
In base 8, what is 5 + -6356?
-6351
In base 3, what is 10011 + 11010?
21021
In base 12, what is bb7 - -1?
bb8
In base 6, what is -5142 - 3?
-5145
In base 11, what is -18 + 21?
4
In base 15, what is -b - -71?
65
In base 6, what is 203 + -4?
155
In base 11, what is 4 - 43?
-3a
In base 15, what is -b + 2?
-9
In base 14, what is 27 + 31b?
344
In base 8, what is 515 + 3?
520
In base 9, what is 4 + -2514?
-2510
In base 6, what is 24114 + 1?
24115
In base 4, what is -10 + -1013?
-1023
In base 4, what is -13100 + 21?
-13013
In base 14, what is 1 - 338?
-337
In base 16, what is 79 + -1b?
5e
In base 7, what is -3 - -2165?
2162
In base 9, what is -3 + 1063?
1060
In base 7, what is 54 - -1?
55
In base 11, what is 4 - 474?
-470
In base 8, what is 206 - -67?
275
In base 8, what is 3 - 120?
-115
In base 14, what is 106a + -7?
1063
In base 10, what is 5 - 81?
-76
In base 13, what is 24 - 7?
1a
In base 9, what is -730 + 3?
-726
In base 2, what is -110 + -1011?
-10001
In base 12, what is 19 + -17?
2
In base 8, what is 223 + 2?
225
In base 11, what is -a + 16?
7
In base 5, what is 1113 + 102?
1220
In base 8, what is -2527 + -4?
-2533
In base 10, what is 3 - -350?
353
In base 4, what is 33023 + -112?
32311
In base 2, what is -110 - -111111?
111001
In base 9, what is -327 - 1?
-328
In base 3, what is -1 + 20?
12
In base 14, what is 4 - 11d0?
-11ca
In base 10, what is -22025 + -1?
-22026
In base 6, what is 4 - -10224?
10232
In base 3, what is -201 - 22?
-1000
In base 3, what is 1221 + 10?
2001
In base 13, what is -163 + -16?
-179
In base 8, what is -2425 - -2?
-2423
In base 11, what is -6 + 58?
52
In base 16, what is -1 - 3?
-4
In base 6, what is 3 - -32?
35
In base 14, what is 29 + 2?
2b
In base 11, what is 38 - 1a?
19
In base 14, what is -4a5 + 2?
-4a3
In base 5, what is -234 - 0?
-234
In base 7, what is -5 - -202?
164
In base 8, what is -5 - -222?
215
In base 14, what is 24 - -5d?
83
In base 2, what is 1000111101011 - 0?
1000111101011
In base 5, what is 4 - -1123?
1132
In base 6, what is -20 + -120?
-140
In base 16, what is 4 - -69?
6d
In base 3, what is -11 + 101122?
101111
In base 7, what is 5 + 5455?
5463
In base 7, what is 5 - -1232?
1240
In base 8, what is -360 - 17?
-377
In base 13, what is -1 + 17?
16
In base 2, what is -101 - -1000111001?
1000110100
In base 4, what is -213 + 3133?
2320
In base 10, what is -10 + 49?
39
In base 13, what is 13 + -145?
-132
In base 14, what is -77 - -6?
-71
In base 6, what is -5 + 111?
102
In base 12, what is 8 - -949?
955
In base 3, what is -21 - -22212?
22121
In base 6, what is 25 - -110?
135
In base 7, what is 1115 - -2?
1120
In base 9, what is -4 - -1863?
1858
In base 7, what is 3411 +